. What is the units digit of u?
0
Suppose -o = 2*u + 5, 2 + 0 = -4*o - 2*u. Suppose 10 = -0*c + 5*c. Let h = c + o. What is the units digit of h?
3
Let o(q) = -3*q**2 + 4 - 3*q + 7*q + 4*q + 5*q**2. What is the tens digit of o(-6)?
2
Let o(s) = -s**3 - 3*s**2 + 7*s + 5. What is the units digit of o(-5)?
0
Let k be (130/(-6))/((-3)/(-9)). Let a = -33 - k. Suppose a = -w + 5*w. What is the units digit of w?
8
Let b = -5 + 11. Let i be (2/(-3))/((-4)/b). What is the units digit of (i + (-1 - -2))*1?
2
Let m(i) = -i**3 - i - 3. What is the units digit of m(-6)?
9
Let h = 7 - 2. Suppose 4*z - 3*z = h. What is the units digit of z?
5
Suppose 0 = -5*w - 5*v - 21 + 6, -2*w = -4*v. Let a be (w + 24/9)*6. What is the units digit of (a/(-12))/((-2)/30)?
5
Suppose -5*r - 163 = -4*w, 3*w - 12 = -r + 134. What is the units digit of w?
7
Suppose 7*p - 20 = 2*p. Suppose -p*a + 4 = -3*u, -2*a = -4*a - 2*u + 16. What is the units digit of a/2 - (-18)/6?
5
Let w(o) = o**3 - 2*o**2 - o + 139. What is the tens digit of w(0)?
3
Let w be -5 + 46 - 2*1. Let h = 14 - w. What is the units digit of (-185)/h + (-4)/10?
7
Let o(d) = 4*d + 1. What is the units digit of o(1)?
5
Let n(j) = -j + 8. Let s be n(8). Let u = s + 0. Suppose -f + 2*f - 11 = u. What is the tens digit of f?
1
Let s(o) = o. Let g be s(2). Suppose 5*j - 14 = 3*z + 58, 0 = 3*j + g*z - 28. Suppose 4*m - 10 = 2*m, -j = r - 3*m. What is the units digit of r?
3
What is the units digit of 1*39 + 1 - (1 + -1)?
0
Suppose 5*o - 3*o = 4. Suppose -4*m - r + 62 = 0, o*r + 2*r = m - 24. Suppose 3*n = -g + m, -4*g + 36 = 8*n - 3*n. What is the units digit of g?
4
Let v be 0 + 4 - (-10)/(-5). What is the units digit of 5 - 6/(v - 0)?
2
Let w(l) = -l**2 + 2*l - 1. Let y be w(-2). Let j be y*(-3)/((-9)/(-3)). What is the tens digit of (-3)/j*0 - -16?
1
What is the units digit of (0 + 12)*(13/2 + -2)?
4
Let u = 10 + -5. Suppose u*d = 91 - 31. What is the tens digit of d?
1
Let d be 1 - -1 - -1*3. Let z(k) = -4 + 3*k - d*k + 0*k + 0. What is the units digit of z(-3)?
2
Let d(u) = u**2 - 4*u + 3. Suppose -5*t - 7 - 3 = 3*r, -30 = -4*r + 2*t. What is the units digit of d(r)?
8
Let i(o) = 2*o**3 - 3*o**2 + 2*o + 2. Let y be i(3). Let t = y + -25. What is the units digit of t?
0
Suppose 5*n - 27 = -3*q + 5*q, -2*q = -2*n + 12. Let o = 5 - q. Suppose o*l - 35 = l. What is the units digit of l?
7
Let t be 1*2 - (1 - 1). Suppose -3*o - t*o + 10 = 0. Suppose 2*l + o*l = 8. What is the units digit of l?
2
Let o(n) = -n - 3. Let i(k) = -k - 3. Let z(v) = -3*i(v) + 4*o(v). What is the units digit of z(-5)?
2
Let x(t) = -t**2 - t + 7. Let y be x(0). Let w = y - -11. What is the tens digit of w?
1
What is the tens digit of ((-453)/(-2))/(31/62)?
5
Let d(s) be the first derivative of -7*s**2 + 2*s - 7. What is the units digit of d(-1)?
6
Suppose y + 0*b + 2*b = 15, 0 = 2*y + 3*b - 28. Let o(l) = 4*l + 1. Let u be o(-2). Let t = u + y. What is the units digit of t?
4
Let v(i) = -8*i - 4. Let k(b) = -b - 1. Let h(n) = -6*k(n) + v(n). Let j be h(3). Let m = j - -10. What is the units digit of m?
6
Suppose -9*q + 1972 = 289. What is the hundreds digit of q?
1
Let a = 1 + 1. Let o = 0 + a. What is the units digit of o?
2
Suppose 10 = 11*a - 10*a. What is the units digit of a?
0
Let c(x) = 75*x**2 + 3*x + 1. What is the units digit of c(-1)?
3
Let l = 54 + -1. What is the units digit of l?
3
Suppose -13 = 2*l + 1. Let y be (17 - 0) + 21/l. Suppose 0 = -0*a - a + y. What is the units digit of a?
4
Suppose v = p - 2, 4*p = 2*v + 15 - 1. Suppose -c = v + 3. What is the units digit of 8/5 + c/10?
1
Suppose 37 = 9*v - 8. Suppose 4*n + n + 35 = 0. Let m = v - n. What is the units digit of m?
2
Let b be (3/6)/(2/28). Let o = b - 4. Suppose 0 = h - 4*c - 13, -h + c + 1 = -o*h. What is the units digit of h?
1
What is the units digit of ((-64)/(-80))/(4/10)?
2
What is the units digit of (2 - -1)/((-8)/(-120))?
5
Suppose 4*y - 7*y = -6. Suppose -2*w - y*h = -32, 4*h + 72 = 3*w - h. What is the tens digit of w?
1
Let r(s) be the first derivative of 5/2*s**2 - 3 + 1/4*s**4 - 5/3*s**3 + 2*s. What is the units digit of r(4)?
6
Suppose 5*s + v = 11, -v + 1 = -0*v. Suppose -s*a + 42 = 10. What is the tens digit of a?
1
What is the hundreds digit of (-28)/6*((-560)/8 + 4)?
3
Let o(n) be the third derivative of 23*n**4/24 + n**3/6 + 6*n**2. What is the units digit of o(1)?
4
Suppose 4*g = h + 2*h + 35, -5*g - 5*h + 35 = 0. What is the units digit of (3 + -2)/(4/g)?
2
Let j(u) = -u + 5. Let g be j(-7). Let a be ((-6)/(-4))/(g/(-16)). What is the units digit of (-2)/(-2) + (-2 - a)?
1
Suppose 10*i - 160 = 5*i. What is the tens digit of i?
3
Suppose -5*s + 7 = -m - 0*s, 3*m = -s + 59. Suppose m = -4*l - 6. Let z = l + 11. What is the units digit of z?
5
What is the units digit of (-2)/5 + 674/10?
7
Let a = 0 - -2. What is the units digit of (-1 - 3/(-1))/a?
1
Let s be (3/1 - 2)*2. Suppose -s*h + 61 = 15. Let l = h + -13. What is the units digit of l?
0
Suppose 143 - 23 = 3*k. What is the tens digit of k?
4
Let i be 34/(-4) + 2/4. Let c = i - -20. What is the tens digit of c?
1
What is the tens digit of 664/22 + 4/(-22)?
3
Suppose -m + 76 = 3*m. Suppose 0 = 5*f - 94 + m. What is the tens digit of f?
1
Let n(i) = i**3 - 10*i**2 + 17*i - 15. What is the units digit of n(10)?
5
Suppose 3*p - 16 = 14. Suppose 0 = -i - 4*i + 25. Let b = i + p. What is the tens digit of b?
1
Suppose -5*b + 2*b + 3 = 0. Let i = 7 + b. What is the units digit of i?
8
Let q = 47 + 2. What is the tens digit of q?
4
What is the tens digit of 6/(-33) + 444/22?
2
Let s = 16 + -22. Let v(h) = h + 6. Let x be v(s). Suppose 3*o - 5*o + 3*l = -23, 4*o - l - 21 = x. What is the units digit of o?
4
Let m = -3 - -7. Suppose 37 = m*n - 7. Suppose 4*g - n = 5. What is the units digit of g?
4
Suppose 4*m - 5*m = -25. What is the tens digit of m?
2
Suppose 0 = -5*r - x + 8, -14 = -3*r + x - 6. Let z = r + -4. What is the units digit of 5 + z*(-1 + 2)?
3
Let h(q) = -4*q - 2. What is the tens digit of h(-3)?
1
Suppose h - 232 = 4*z - 9*z, 3*h = -z + 640. What is the units digit of h?
2
Let j(b) = b**3 + b + 22. What is the units digit of j(0)?
2
Let v = -22 - -27. What is the units digit of v?
5
Let c = 168 + 38. What is the hundreds digit of c?
2
Suppose 6*r = 2*r + 376. Let f = -51 + r. What is the units digit of f?
3
Let l be 27/(-45) + (-146)/(-10). Let r = l + 4. What is the units digit of r?
8
Let l(u) = 9*u - 2*u + 4 + 0*u + u**2 + 0. What is the units digit of l(-8)?
2
Suppose 4*w - 2*w - 10 = 4*t, -3 = -t - 5*w. What is the units digit of (t - -2) + -1 + 8?
7
Suppose -b + 5 = 4. What is the units digit of -2 + 4 + -2 + b?
1
Suppose -3*h = -403 - 164. What is the units digit of h?
9
Let x be ((-9)/18)/(1/36). Let t be 1/6 + (-213)/x. Suppose 0 = a + 2*a - t. What is the units digit of a?
4
Let n be (-1 + -75)*18/(-12). Let p be 2/10 + n/30. Suppose 2*j - 3*k + p*k = 21, k - 45 = -5*j. What is the units digit of j?
8
Let s(n) = n + 4. Let z(b) = b**2 + 10*b + 6. Let m be z(-9). What is the units digit of s(m)?
1
Suppose 3*k + k = -44. Let j = 28 + k. Suppose 0 = -5*q + 3*s + 34, 6*q - j = 2*q - s. What is the units digit of q?
5
Suppose -2*v - 3*v - 5*z = -35, -3 = -z. Suppose 7*p + 5*j - 41 = 4*p, v*p = -2*j + 78. What is the units digit of 4/p + (-291)/(-33)?
9
Let o(i) = -i**3 - 4*i**2 - 4*i - 2. Let h(v) = -3*v. Let c be h(1). What is the units digit of o(c)?
1
Let l(v) = v**2 - 2*v. What is the units digit of l(-3)?
5
Let g be (-1)/(1/(-9)) + 2. Suppose -5*a + 3*p + 18 = 0, 3*a + 2*p + 4 = g. What is the units digit of (-34)/(-8) - a/12?
4
Let w(o) = o**3 + 9*o**2 + 8*o + 9. Let f be w(-8). Let k = 13 - f. What is the units digit of k?
4
Let w(z) be the second derivative of -z**3/6 - 9*z**2/2 - 7*z. What is the units digit of w(-10)?
1
Let x = 140 - 81. What is the tens digit of x?
5
Let x = 163 - 83. What is the units digit of x?
0
Let v(k) = -3*k**3 - 4*k**2 - 2*k + 7. What is the units digit of v(-4)?
3
Let o(u) = 3*u**2 - u + 1. What is the units digit of o(-3)?
1
Let s(u) = -u**3 - u**2 - u + 6. Let b be s(0). What is the units digit of (-4)/(-6)*63/b?
7
Suppose w + 2*x - 83 = -0*x, 4*w - 332 = 3*x. What is the units digit of w?
3
Suppose -5*l - 9 = 26. Let n(o) = -3*o - 6. Let p(y) 